the highest common divisor of 2107 and 2666?
43
Calculate the greatest common factor of 616 and 1540.
308
What is the greatest common factor of 6325 and 105?
5
What is the greatest common divisor of 693 and 2280047?
77
What is the highest common factor of 125 and 2209875?
125
What is the highest common divisor of 207031 and 116?
29
Calculate the highest common divisor of 155763 and 8974.
641
Calculate the greatest common factor of 8996 and 191684.
692
Calculate the highest common factor of 213 and 62267.
71
Calculate the greatest common divisor of 1744656 and 152.
152
Calculate the highest common factor of 207 and 20148.
69
Calculate the highest common divisor of 56852 and 36.
4
What is the greatest common divisor of 23881 and 7865?
143
What is the highest common factor of 25 and 778775?
25
Calculate the highest common divisor of 6630 and 5070.
390
Calculate the highest common factor of 127090 and 31240.
710
Calculate the greatest common factor of 621 and 7803.
27
What is the highest common divisor of 147963 and 903?
129
Calculate the highest common factor of 24612 and 204.
12
Calculate the greatest common divisor of 14476 and 112.
28
What is the highest common factor of 480 and 2980?
20
What is the greatest common divisor of 64 and 2334?
2
Calculate the greatest common factor of 1533567 and 309.
309
What is the highest common divisor of 1016872 and 85?
17
What is the highest common divisor of 390 and 85980?
30
What is the greatest common divisor of 29337 and 66?
33
Calculate the highest common factor of 291858 and 588.
42
What is the highest common divisor of 242466 and 67017?
753
What is the highest common factor of 544 and 3060?
68
Calculate the highest common divisor of 43175 and 21195.
785
What is the greatest common divisor of 1751 and 9673?
17
What is the highest common factor of 15878 and 178394?
934
Calculate the greatest common factor of 370151 and 178.
89
Calculate the highest common divisor of 340 and 18820.
20
Calculate the greatest common divisor of 1 and 4824.
1
What is the highest common factor of 5301 and 102393?
279
Calculate the highest common factor of 78481 and 13.
13
What is the highest common divisor of 2981364 and 12?
12
Calculate the highest common divisor of 4 and 24841.
1
Calculate the greatest common factor of 13379311 and 71.
71
What is the highest common factor of 27130 and 14?
2
Calculate the highest common divisor of 3509160 and 240.
120
Calculate the greatest common factor of 1328 and 1607544.
664
What is the greatest common factor of 1800 and 88?
8
Calculate the highest common factor of 14948 and 404.
404
Calculate the greatest common factor of 102 and 26.
2
Calculate the highest common divisor of 26 and 1747798.
26
Calculate the greatest common divisor of 26 and 170.
2
What is the greatest common divisor of 6063926 and 356?
178
What is the greatest common factor of 300300 and 14?
14
Calculate the highest common factor of 7634 and 11506.
22
Calculate the highest common divisor of 24 and 12472.
8
What is the greatest common factor of 120720 and 64?
16
Calculate the highest common divisor of 518 and 60384.
74
Calculate the highest common divisor of 75 and 287205.
15
Calculate the greatest common factor of 1116 and 223758.
558
Calculate the greatest common divisor of 102442 and 172822.
782
What is the greatest common divisor of 203 and 387034?
29
Calculate the greatest common factor of 60940 and 220.
220
Calculate the greatest common divisor of 120 and 159560.
40
Calculate the greatest common factor of 57841 and 14.
7
Calculate the highest common divisor of 243 and 1575612.
243
Calculate the greatest common factor of 168 and 9876552.
168
Calculate the greatest common factor of 8697 and 117.
39
Calculate the highest common divisor of 1625634 and 72.
18
What is the greatest common divisor of 2261 and 281979?
323
Calculate the greatest common divisor of 170 and 3791.
17
What is the greatest common factor of 863085 and 17115?
2445
Calculate the greatest common divisor of 72 and 689232.
24
What is the greatest common factor of 2123 and 26055?
193
What is the greatest common factor of 18 and 3985326?
18
Calculate the highest common factor of 27465 and 60.
15
What is the greatest common divisor of 208696 and 152?
152
Calculate the highest common divisor of 114368 and 176.
16
What is the highest common factor of 10 and 257085?
5
What is the highest common factor of 373061 and 13?
13
Calculate the highest common factor of 765 and 550035.
765
Calculate the highest common factor of 12075 and 5796.
483
Calculate the greatest common divisor of 25610 and 60.
10
What is the greatest common divisor of 104 and 329368?
104
Calculate the highest common factor of 1334 and 148327.
23
Calculate the greatest common divisor of 962 and 33254.
26
Calculate the greatest common divisor of 42 and 615062.
14
Calculate the greatest common factor of 54 and 5127894.
54
Calculate the greatest common factor of 12 and 170364.
12
Calculate the greatest common factor of 8350 and 200.
50
Calculate the greatest common factor of 14724779 and 1073.
1073
Calculate the greatest common divisor of 131736 and 72.
24
Calculate the greatest common factor of 426 and 75899.
71
Calculate the greatest common factor of 4650345 and 21.
21
What is the greatest common factor of 987 and 28999?
47
Calculate the highest common divisor of 21372 and 30.
6
Calculate the highest common factor of 6376 and 36.
4
Calculate the highest common divisor of 38916 and 920.
92
What is the greatest common factor of 148800 and 160?
160
What is the greatest common divisor of 6704736 and 993?
993
Calculate the highest common factor of 435 and 2401345.
145
Calculate the greatest common divisor of 8717 and 115.
23
What is the highest common factor of 58735 and 85?
85
Calculate the greatest common divisor of 6310 and 115.
5
Calculate the highest common factor of 442741 and 13.
13
What is the highest common divisor of 96 and 19626?
6
Calculate the highest common divisor of 1674 and 2200194.
558
What is the highest common factor of 182620 and 1610?
230
What is the highest common divisor of 3081619 and 2738?
1369
Calculate the highest common divisor of 364 and 7553.
91
What is the greatest common factor of 15 and 4125?
15
What is the greatest common divisor of 230950 and 4960?
310
What is the highest common divisor of 8668 and 660?
44
Calculate the highest common divisor of 18497 and 371.
53
Calculate the highest common divisor of 259 and 27640739.
259
What is the highest common divisor of 195260 and 60?
20
What is the highest common divisor of 41 and 428983?
41
What is the highest common factor of 50330 and 35?
35
What is the highest common factor of 7443 and 48?
3
Calculate the highest common factor of 903 and 735.
21
What is the greatest common divisor of 176 and 118448?
176
Calculate the greatest common divisor of 44 and 273889.
11
Calculate the highest common factor of 70 and 735455.
35
Calculate the greatest common divisor of 12516 and 84.
84
What is the highest common divisor of 901080 and 1080?
360
What is the highest common factor of 12150 and 328590?
270
Calculate the highest common factor of 468 and 9036.
36
Calculate the greatest common divisor of 304 and 581096.
152
What is the greatest common divisor of 529 and 5773?
23
What is the highest common divisor of 22040 and 304?
152
Calculate the highest common factor of 16 and 3892.
4
What is the greatest common divisor of 1143 and 15367?
127
Calculate the greatest common factor of 210 and 1180494.
42
What is the highest common divisor of 1409725 and 1581?
527
Calculate the greatest common divisor of 434 and 31000.
62
Calculate the highest common factor of 2190 and 10001.
73
What is the greatest common divisor of 1897 and 469?
7
What is the greatest common divisor of 1626 and 280756?
542
What is the greatest common divisor of 1003 and 33807?
59
What is the greatest common factor of 306560 and 1216?
64
Calculate the highest common factor of 6424825 and 5745.
1915
What is the highest common factor of 40 and 13010?
10
What is the greatest common divisor of 506 and 7?
1
What is the highest common divisor of 1928933 and 958?
479
What is the greatest common factor of 208060 and 5?
5
What is the greatest common divisor of 111 and 372257?
3